**2 + 3*n - 6. Suppose -1942 = 6*p - 1972. What is r(p)?
9
Let q(r) = -r**3 + 6*r**2 + 10*r - 26. Let j(h) = h**3 + 147*h**2 + 442*h + 1447. Let x be j(-144). Determine q(x).
-5
Let q(t) = t**2 + 13*t + 5. Let v be q(-13). Suppose -9*z = -5*z - 12. Let y(h) = -4 + 3*h + z*h + 8*h - 12*h. Calculate y(v).
6
Let q(o) be the second derivative of -4*o**3/3 + 5*o**2/2 - 980*o. What is q(8)?
-59
Let p = 52 - 63. Let h = p - -80. Let t = 65 - h. Let g(q) = q**3 + 5*q**2 + 3*q - 3. Calculate g(t).
1
Let u(v) = -v**2 + 5*v - 7. Suppose -3*c = -x + 6*x + 1337, c - 537 = 2*x. Let w be (5 - x/(-52))*-13. What is u(w)?
-1
Let u(k) = -1940 + 3878 - 1939 - k**2 - 7*k. Let z be (-7)/2*1*2. Calculate u(z).
-1
Let k(q) = 79*q**2 + 18*q - 42. Let g(n) = -52*n**2 - 19*n + 43. Let y(s) = 3*g(s) + 2*k(s). Give y(8).
5
Let w(t) = t**3 + 2*t**2 - 11*t - 7. Let z(x) = 116*x + 1272. Let j be z(-11). Give w(j).
5
Let d = -90428 - -90426. Let b(i) = -2*i**3 - 3*i**2 - 3*i + 2. Let c(h) = -h**3 - h**2. Let z(k) = b(k) - 4*c(k). What is z(d)?
-4
Suppose -5*b = -2*p, 3*b - 6*b - 21 = 3*p. Let s be (1 - 2)*(-8 - -5). Let x(u) = 2*u**2 + 3*u - 2*u + 3*u**s - 1 - u**3. What is x(b)?
-11
Let i(k) = -2*k**2 + 5*k - 31. Let j(b) = 2*b**2 - 4*b + 33. Let m(t) = -3*i(t) - 4*j(t). Let x(u) be the first derivative of m(u). Calculate x(-6).
25
Let g(p) = -p + 3. Let z(a) be the first derivative of -a**2/2 + 3*a + 24. Let u(b) = 2*g(b) - 3*z(b). Suppose -6*v = -2*v + 16. Give u(v).
-7
Let w(k) = k**2 + 3*k + 2. Let v be w(-2). Let z(a) be the third derivative of -2*a - 1/24*a**4 + 0 - 12*a**2 + 2/3*a**3. What is z(v)?
4
Let j be (((-6)/5)/1)/((-22)/165). Let r(i) = -6*i - 5*i + j + 23*i + 0*i + i**2. Calculate r(-11).
-2
Let p(v) = -v**3 + 3*v**2 + 2*v - 4. Let b = -4142 - -4139. Give p(b).
44
Suppose v = -5*y - 1182, -432 = 5*y + 2*v + 752. Let d = -241 - y. Let a(w) = -w**3 - 6*w**2 - 8*w - 7. Calculate a(d).
8
Let f(q) = q + 7. Suppose 8*u - 97 = 159. Suppose 0 = -81*d + 77*d - u. What is f(d)?
-1
Suppose 0 = 3*i - z + 21, 3*z = 3*i - 26 + 65. Let y(a) = -a**3 - 7*a**2 + 12*a + 95. What is y(i)?
-1
Let y(x) = x**3 - 11*x**2 - 60*x - 11. Suppose -61*s = 58*s - 1999 + 214. Calculate y(s).
-11
Let b(k) = k**3 + 42*k**2 - 10*k + 1410. Let o be b(-43). Let a(s) = -s**3 - 9*s**2 - 2*s - 13. What is a(o)?
5
Let r(f) = f**2 + 12*f - 23. Let a(w) = -w - 1. Let g(q) = -4*a(q) - r(q). Let u = -79071 + 79060. Determine g(u).
-6
Let o(r) = r**3 + r**2 + 110. Let i(y) = 204*y + 3876. Let c be i(-19). Give o(c).
110
Suppose 10*l = 11*l - 17. Let k(h) = 9*h - 52. Let j(m) = -3*m + 18. Let v(f) = l*j(f) + 6*k(f). What is v(6)?
12
Let m(t) = 13*t**2 - 27*t + 11. Let q(j) = 3*j**2 - 7*j + 3. Let z(g) = 2*m(g) - 9*q(g). Let v = -20 - -27. Suppose -45 = 2*h - v*h. Calculate z(h).
-5
Let i(v) = 15*v**2 + 46*v - 3. Let d(g) = 7*g**2 + 21*g - 1. Let s(n) = 11*d(n) - 5*i(n). What is s(3)?
25
Let g(h) = 113*h + 24. Let c(b) = 27*b + 6. Let r(z) = 9*c(z) - 2*g(z). What is r(0)?
6
Let i(c) be the third derivative of c**6/120 + 3*c**5/4 + 41*c**4/24 - 107*c**3/6 + 89*c**2 + 5*c + 3. Determine i(-44).
25
Let d(i) = 6*i + 6 + 5*i - 4*i + 5*i + 8*i. Calculate d(1).
26
Suppose 2*b = 3*f - 43, -2*b = -0*f + 4*f - 62. Suppose f*q = q + 14. Let u(j) = -6*j**3 - j + 2*j**2 + j**2 - j**2. Determine u(q).
-5
Let n(k) = 6 - 2408*k + 2417*k - k**2 + 5 + 2*k**2. Let i be (-8)/2 - (-4)/(-4). What is n(i)?
-9
Let w(v) = -28*v - 2. Let d(k) = 22*k + 2. Let o(g) = -5*d(g) - 4*w(g). What is o(-5)?
-12
Let u = -11437 + 11442. Let w(p) = -3*p**2 + 35*p - 114. Calculate w(u).
-14
Suppose 4*n - 16 - 7 = 5*o, 5*n + 2*o - 4 = 0. Let g(s) = -2*s + 42. Let y be g(20). Let x(l) = n*l - 12*l + y*l. Calculate x(-1).
8
Let s be (-2 - 7 - -5) + (392 - 3). Let m = s - 385. Let r(q) = -q**3 - 3. What is r(m)?
-3
Suppose 0 = -2*d + 6*z + 34, -5*d = -1705*z + 1709*z + 10. Let f(l) be the second derivative of -7/2*l**d - 1/6*l**3 + 0 + 20*l. Give f(-8).
1
Let u = -2883 + 2889. Let t(s) = 23*s - 152. Give t(u).
-14
Suppose 0*q = 2*q + 2*x + 56, 98 = -3*q + 4*x. Let b = -26 - q. Let f(s) be the first derivative of s**4/4 - 4*s**3/3 - 2*s**2 + 6*s + 68. Give f(b).
-10
Let t(r) be the third derivative of 1/120*r**5 + 23/3*r**3 - 2*r**2 + 1/24*r**4 + 10 + 0*r. Let o(u) be the first derivative of t(u). Calculate o(-6).
-5
Let o(d) = 5*d + 1. Suppose k = 3*z + 15, -4*k - 25 + 99 = 2*z. Let h be (-1)/(1/k*-2). Suppose h = -10*x + x. Calculate o(x).
-4
Let h(s) be the first derivative of -14*s**2 + 54*s + 1/3*s**3 - 39. Let g be h(26). Let j(c) = 4*c**2 - 2*c - 1. What is j(g)?
11
Let b(r) = 5*r - 12. Let z(x) = 32*x - 5 + 33*x - 64*x + 2. Let v(t) = b(t) - 3*z(t). What is v(3)?
3
Let x(w) = w - 12. Let u be 10 - (234/(-52))/(3/(-4)). Let y(r) = r - 12. Let h(j) = u*y(j) - 3*x(j). Determine h(11).
-1
Let b(n) = n**2 - 10*n + 17. Suppose -i = 5*x - 26, -4*i + 8*x = 2 + 6. Determine b(i).
-7
Let w(u) be the third derivative of -u**9/60480 + u**8/4032 - 7*u**5/15 + 2*u**2 - 49. Let y(z) be the third derivative of w(z). Let f = 8 - 3. Calculate y(f).
0
Suppose 0 = 51*n - 55*n. Let b be 4 - n - (7 + -8). Let h(j) = -4*j**2 + 0*j**3 - j - 4*j + j**3. Determine h(b).
0
Let m = 130 + -132. Let q(n) = -5*n**2 - 14*n - 6. Let o(b) = 14*b**2 + 39*b + 17. Let i(u) = 6*o(u) + 17*q(u). Give i(m).
4
Let n(a) = 22*a**2 + a + 1. Let d = -4272 + 4307. Let q be 73/2 - 1/2. Let v = d - q. Give n(v).
22
Suppose 49 = 29*b - 96. Let s(f) = -15*f + 33. Give s(b).
-42
Let d(b) = 26 - 295*b**2 - 357*b**2 + 653*b**2 - 25*b. Calculate d(8).
-110
Let a = 114 + -112. Let o(w) = -11 + 2*w + 10*w**2 - 11*w**a + 13. What is o(4)?
-6
Let m(l) = -l + 1. Let w(j) = 2*j**3 - 2*j**2 + 4*j - 6. Let r(y) = 5*m(y) + w(y). Let i be r(2). Suppose 0 = -p - i*p + 18. Let u(z) = -z + 4. Determine u(p).
1
Suppose -4*n - n + 20 = 0. Let w(j) = n - j + 2 - 4. Let t be (-1)/(-9)*-21*6/(-7). Calculate w(t).
0
Let h(w) = 55*w - 35. Let q(c) = -37*c + 34. Let p(b) = -2*h(b) - 3*q(b). Determine p(7).
-25
Let w(a) = a**2 - 61*a - 2718. Let q be w(91). Let d(u) = -u**3 + 10*u**2 + 26*u - 13. Determine d(q).
11
Let d(v) = 10*v + 131. Let j(y) = 11*y + 154. Let q(z) = 9*d(z) - 8*j(z). Determine q(28).
3
Let v(m) be the third derivative of m**5/20 + 7*m**4/24 + m**3/3 - 2*m**2 - 19. Calculate v(-4).
22
Let l(r) = -16*r**2 + 20*r - 26. Let s be l(5). Let z = s - -325. Let j(g) = 18*g**3 - g - 1. Give j(z).
-18
Let z(d) be the third derivative of -d**4/6 + d**3 + 151*d**2. Let y be (-4)/2 - (-44 + 39). Give z(y).
-6
Let h(c) be the third derivative of c**5/15 - c**4/12 + c**3/6 - 92*c**2. Calculate h(2).
13
Let u(l) = l**3 + 15*l**2 + 25*l - 2. Suppose 3*x + 17*g = 97, 4*x + g - 25 = -69. Give u(x).
11
Let x(q) = 11*q**2 + 7*q + 5. Suppose -41 = -5*h + 39. Let n(g) = 56*g**2 + 11 - h*g**2 + 15*g - 19*g**2. Let v(y) = 6*n(y) - 13*x(y). Give v(1).
-17
Let f(b) be the third derivative of -23*b**5/60 - b**4/12 + b**3/6 - b**2. Let g(t) = -t**3 + 11*t**2 - 30*t + 15. Let n be g(7). Give f(n).
-24
Let c(w) = -67*w - 279. Suppose 177 = -199*o - 619. Determine c(o).
-11
Let m(j) = 13*j. Let k(i) = i + 1. Let q(h) = -4*k(h) + m(h). Let t = 68 - 69. Let w be (18/12)/(t/(-2)). Calculate q(w).
23
Let p(g) = 4*g**2 + 2*g - 5. Let n = -318 + 320. Let w(s) = -5*s**2 - 2*s + 4. Let q(u) = n*w(u) + 3*p(u). Determine q(-5).
33
Let o(i) be the first derivative of -i**3/3 + 11*i**2/2 + 24*i + 2336. Give o(13).
-2
Let u(g) = 3*g - 71. Let n(o) = 2*o**3 + 3*o**2 - 8*o + 8. Let i be n(2). Let k be u(i). Let l(b) = -b - 7. What is l(k)?
4
Let t = -2610 - -2617. Let u(g) = 2*g**2 - 16*g + 17. Calculate u(t).
3
Let m(n) = -14*n**3 + 99*n**2 - 5*n - 15. Let a be (-78 + 80)/((-16)/(-7))*8. What is m(a)?
-1
Let y(p) = -3*p - 11. Let m(u) = -8*u - 33. Let q(n) = 4*m(n) - 11*y(n). Suppose -31*b = -40*b - 2097. Let k = -223 - b. Determine q(k).
-1
Let d(y) = y**2 - 3*y - 39. Let a be d(9). Suppose 65 = a*v - 25. Let n(r) = 1 - 7*r + 0 + 1 + r**2. Give n(v).
-4
Let s(t) = t**2 - 18*t + 32. Let y be ((-1426)/(-3))/23 - (3 + 28/(-12)). Calculate s(y).
72
Suppose -15 = 5*z - 5*j, -z = -5*z + 2*j - 12. Let x = z + 2. Let r(p) = -895061 - p + 447528 + 447532 + 12*p**2. Give r(x).
12
Let m(k) = 70 - 9 - k**2 + 279*k - 3 - 269*k. Give m(14).
2
Let p 